{"id":217,"date":"2014-01-07T11:19:41","date_gmt":"2014-01-07T11:19:41","guid":{"rendered":"http:\/\/gmgfavvocati.it\/?page_id=217"},"modified":"2014-02-06T17:06:23","modified_gmt":"2014-02-06T17:06:23","slug":"area-del-diritto-reale-e-immobiliare","status":"publish","type":"page","link":"https:\/\/gmgfavvocati.it\/?page_id=217","title":{"rendered":"Area del diritto reale e &#8220;immobiliare&#8221;"},"content":{"rendered":"<p><a title=\"Area del diritto commerciale, societario e del lavoro\" href=\"http:\/\/gmgfavvocati.it\/aree-di-attivita\/area-del-diritto-commerciale-societario-e-del-lavoro\/\"><img decoding=\"async\" class=\"size-full wp-image-178\" alt=\"area1\" src=\"http:\/\/gmgfavvocati.it\/wp-content\/uploads\/2013\/10\/area1.png\" width=\"180\" height=\"157\" srcset=\"https:\/\/gmgfavvocati.it\/wp-content\/uploads\/2013\/10\/area1.png 180w, https:\/\/gmgfavvocati.it\/wp-content\/uploads\/2013\/10\/area1-1x1.png 1w\" sizes=\"(max-width: 180px) 100vw, 180px\" \/><\/a><img decoding=\"async\" class=\"size-full wp-image-230\" alt=\"diritto-realeimmobiliare_active\" src=\"http:\/\/gmgfavvocati.it\/wp-content\/uploads\/2014\/01\/diritto-realeimmobiliare_active.png\" width=\"180\" height=\"157\" srcset=\"https:\/\/gmgfavvocati.it\/wp-content\/uploads\/2014\/01\/diritto-realeimmobiliare_active.png 180w, https:\/\/gmgfavvocati.it\/wp-content\/uploads\/2014\/01\/diritto-realeimmobiliare_active-1x1.png 1w\" sizes=\"(max-width: 180px) 100vw, 180px\" \/><a title=\"Area del diritto di famiglia e minorile\" href=\"http:\/\/gmgfavvocati.it\/aree-di-attivita\/area-del-diritto-di-famiglia-e-minorile\/\"><img decoding=\"async\" alt=\"area3\" src=\"http:\/\/gmgfavvocati.it\/wp-content\/uploads\/2013\/10\/area3.png\" width=\"180\" height=\"157\" \/><\/a><a title=\"Area della responsabilit\u00e0 colposa\" href=\"http:\/\/gmgfavvocati.it\/aree-di-attivita\/area-della-responsabilita-colposa\/\"><img loading=\"lazy\" decoding=\"async\" alt=\"area4\" src=\"http:\/\/gmgfavvocati.it\/wp-content\/uploads\/2013\/10\/area4.png\" width=\"180\" height=\"157\" \/><\/a><a title=\"Area del diritto penale\" href=\"http:\/\/gmgfavvocati.it\/aree-di-attivita\/area-del-diritto-penale\/\"><img loading=\"lazy\" decoding=\"async\" alt=\"area5\" src=\"http:\/\/gmgfavvocati.it\/wp-content\/uploads\/2013\/10\/area5.png\" width=\"180\" height=\"157\" \/><\/a><\/p>\n<p>[quote]I diritti reali hanno per oggetto una cosa (in latino res).<\/p>\n<p>Il complesso dei diritti reali (fra i quali il diritto di propriet\u00e0 di beni mobili e immobili, il diritto di abitazione, le servit\u00f9, l&#8217;usufrutto etc etc) \u00e8 disciplinato dal terzo libro del codice civile.<\/p>\n<p>Caratteristiche dei diritti reali sono: l&#8217;assolutezza, cio\u00e8 possono essere fatti valere erga omnes (contro tutti); l&#8217;immediatezza, cio\u00e8 possono essere fatti valere direttamente; la tipicit\u00e0, cio\u00e8 sono stabiliti dalla legge in modo tassativo; la patrimonialit\u00e0, in quanto il loro contenuto \u00e8 prevalentemente economico.[\/quote]<\/p>\n<p><strong>Lo studio garantisce assistenza e consulenza in tutte le vertenze stragiudiziali e giudiziali in ambito di<\/strong><\/p>\n<ul>\n<li><strong>propriet\u00e0 e condominio<\/strong><\/li>\n<li><strong> diritti reali in generale<\/strong><\/li>\n<li><strong>locazioni<\/strong><\/li>\n<li><strong>amministrazione e gestione immobiliare<\/strong><\/li>\n<li><strong>possesso<\/strong><\/li>\n<\/ul>\n","protected":false},"excerpt":{"rendered":"<p>[quote]I diritti reali hanno per oggetto una cosa (in latino res). Il complesso dei diritti reali (fra i quali il diritto di propriet\u00e0 di beni mobili e immobili, il diritto di abitazione, le servit\u00f9, l&#8217;usufrutto etc etc) \u00e8 disciplinato dal terzo libro del codice civile. Caratteristiche dei diritti reali sono: l&#8217;assolutezza, cio\u00e8 possono essere fatti [&hellip;]<\/p>\n","protected":false},"author":3,"featured_media":0,"parent":31,"menu_order":0,"comment_status":"closed","ping_status":"open","template":"page-templates\/full-width.php","meta":{"footnotes":""},"class_list":["post-217","page","type-page","status-publish","hentry"],"_links":{"self":[{"href":"https:\/\/gmgfavvocati.it\/index.php?rest_route=\/wp\/v2\/pages\/217","targetHints":{"allow":["GET"]}}],"collection":[{"href":"https:\/\/gmgfavvocati.it\/index.php?rest_route=\/wp\/v2\/pages"}],"about":[{"href":"https:\/\/gmgfavvocati.it\/index.php?rest_route=\/wp\/v2\/types\/page"}],"author":[{"embeddable":true,"href":"https:\/\/gmgfavvocati.it\/index.php?rest_route=\/wp\/v2\/users\/3"}],"replies":[{"embeddable":true,"href":"https:\/\/gmgfavvocati.it\/index.php?rest_route=%2Fwp%2Fv2%2Fcomments&post=217"}],"version-history":[{"count":6,"href":"https:\/\/gmgfavvocati.it\/index.php?rest_route=\/wp\/v2\/pages\/217\/revisions"}],"predecessor-version":[{"id":271,"href":"https:\/\/gmgfavvocati.it\/index.php?rest_route=\/wp\/v2\/pages\/217\/revisions\/271"}],"up":[{"embeddable":true,"href":"https:\/\/gmgfavvocati.it\/index.php?rest_route=\/wp\/v2\/pages\/31"}],"wp:attachment":[{"href":"https:\/\/gmgfavvocati.it\/index.php?rest_route=%2Fwp%2Fv2%2Fmedia&parent=217"}],"curies":[{"name":"wp","href":"https:\/\/api.w.org\/{rel}","templated":true}]}}