{"id":18,"date":"2013-10-25T09:15:56","date_gmt":"2013-10-25T09:15:56","guid":{"rendered":"http:\/\/gmgfavvocati.it\/?page_id=18"},"modified":"2025-05-12T23:58:53","modified_gmt":"2025-05-12T23:58:53","slug":"avv-carlo-ferrotta","status":"publish","type":"page","link":"https:\/\/gmgfavvocati.it\/?page_id=18","title":{"rendered":"Avv. Carlo Ferrotta"},"content":{"rendered":"\t\t<div data-elementor-type=\"wp-page\" data-elementor-id=\"18\" class=\"elementor elementor-18\">\n\t\t\t\t<div class=\"elementor-element elementor-element-55f7f15f e-flex e-con-boxed e-con e-parent\" data-id=\"55f7f15f\" data-element_type=\"container\">\n\t\t\t\t\t<div class=\"e-con-inner\">\n\t\t\t\t<div class=\"elementor-element elementor-element-31207bfe elementor-widget elementor-widget-text-editor\" data-id=\"31207bfe\" data-element_type=\"widget\" data-widget_type=\"text-editor.default\">\n\t\t\t\t<div class=\"elementor-widget-container\">\n\t\t\t\t\t\t\t\t\t<p><img fetchpriority=\"high\" decoding=\"async\" class=\"aligncenter size-full wp-image-127\" src=\"http:\/\/gmgfavvocati.it\/wp-content\/uploads\/2013\/10\/ferrotta-1024px.jpg\" alt=\"ferrotta-1024px\" width=\"1024\" height=\"512\" srcset=\"https:\/\/gmgfavvocati.it\/wp-content\/uploads\/2013\/10\/ferrotta-1024px.jpg 1024w, https:\/\/gmgfavvocati.it\/wp-content\/uploads\/2013\/10\/ferrotta-1024px-300x150.jpg 300w, https:\/\/gmgfavvocati.it\/wp-content\/uploads\/2013\/10\/ferrotta-1024px-2x1.jpg 2w\" sizes=\"(max-width: 1024px) 100vw, 1024px\" \/><\/p><p>\u00c8 nato il 25 agosto del 1965 ad Oulx (TO), ove risiede.<\/p><p>Dopo la maturit\u00e0 presso il Liceo Classico Des Ambrois, ha frequentato la Facolt\u00e0 di Giurisprudenza di Torino e si \u00e8 laureato nel 1995.<\/p><p>Si \u00e8 quindi dedicato alla professione legale e alla materia del diritto civile di cui prevalentemente si occupa anche oggi assistendo privati e aziende per lo pi\u00f9 della Valle di Susa.<\/p><p>Ha operato anche nel settore assicurativo ricoprendo dapprima la carica di Ispettore Principale presso la Alleanza Assicurazioni e poi il ruolo di agente per la Reale Mutua Assicurazioni in Cesana Torinese.<\/p><p>\u00c8 presidente della Commissione Cultura del Comune di Oulx; \u00e8 membro della Commissione Igienico Edilizia del Comune di Oulx.<\/p><p style=\"font-size: x-small; color: #aaa;\">L&#8217;attivit\u00e0 dell&#8217;avvocato Ferrotta \u00e8 coperta da polizza assicurativa per la responsabilit\u00e0 civile professionale stipulata con Assicurazioni Generali s.p.a. (numero di polizza 250352516)<\/p><hr \/><p><a href=\"mailto:carloferrotta@gmail.com\">carloferrotta@gmail.com<\/a><\/p>\t\t\t\t\t\t\t\t<\/div>\n\t\t\t\t<\/div>\n\t\t\t\t\t<\/div>\n\t\t\t\t<\/div>\n\t\t\t\t<\/div>\n\t\t","protected":false},"excerpt":{"rendered":"<p>\u00c8 nato il 25 agosto del 1965 ad Oulx (TO), ove risiede. Dopo la maturit\u00e0 presso il Liceo Classico Des Ambrois, ha frequentato la Facolt\u00e0 di Giurisprudenza di Torino e si \u00e8 laureato nel 1995. Si \u00e8 quindi dedicato alla professione legale e alla materia del diritto civile di cui prevalentemente si occupa anche oggi [&hellip;]<\/p>\n","protected":false},"author":3,"featured_media":119,"parent":27,"menu_order":0,"comment_status":"closed","ping_status":"closed","template":"","meta":{"footnotes":""},"class_list":["post-18","page","type-page","status-publish","has-post-thumbnail","hentry"],"_links":{"self":[{"href":"https:\/\/gmgfavvocati.it\/index.php?rest_route=\/wp\/v2\/pages\/18","targetHints":{"allow":["GET"]}}],"collection":[{"href":"https:\/\/gmgfavvocati.it\/index.php?rest_route=\/wp\/v2\/pages"}],"about":[{"href":"https:\/\/gmgfavvocati.it\/index.php?rest_route=\/wp\/v2\/types\/page"}],"author":[{"embeddable":true,"href":"https:\/\/gmgfavvocati.it\/index.php?rest_route=\/wp\/v2\/users\/3"}],"replies":[{"embeddable":true,"href":"https:\/\/gmgfavvocati.it\/index.php?rest_route=%2Fwp%2Fv2%2Fcomments&post=18"}],"version-history":[{"count":15,"href":"https:\/\/gmgfavvocati.it\/index.php?rest_route=\/wp\/v2\/pages\/18\/revisions"}],"predecessor-version":[{"id":350,"href":"https:\/\/gmgfavvocati.it\/index.php?rest_route=\/wp\/v2\/pages\/18\/revisions\/350"}],"up":[{"embeddable":true,"href":"https:\/\/gmgfavvocati.it\/index.php?rest_route=\/wp\/v2\/pages\/27"}],"wp:featuredmedia":[{"embeddable":true,"href":"https:\/\/gmgfavvocati.it\/index.php?rest_route=\/wp\/v2\/media\/119"}],"wp:attachment":[{"href":"https:\/\/gmgfavvocati.it\/index.php?rest_route=%2Fwp%2Fv2%2Fmedia&parent=18"}],"curies":[{"name":"wp","href":"https:\/\/api.w.org\/{rel}","templated":true}]}}