{"id":12,"date":"2013-10-25T09:03:13","date_gmt":"2013-10-25T09:03:13","guid":{"rendered":"http:\/\/gmgfavvocati.it\/?page_id=12"},"modified":"2014-02-21T14:49:09","modified_gmt":"2014-02-21T14:49:09","slug":"avv-gianluigi-marino","status":"publish","type":"page","link":"https:\/\/gmgfavvocati.it\/?page_id=12","title":{"rendered":"Avv. Gianluigi Marino"},"content":{"rendered":"<p style=\"text-align: justify;\"><img fetchpriority=\"high\" decoding=\"async\" class=\"aligncenter size-full wp-image-123\" alt=\"marino-1024px\" src=\"http:\/\/gmgfavvocati.it\/wp-content\/uploads\/2013\/10\/marino-1024px.jpg\" width=\"1024\" height=\"512\" srcset=\"https:\/\/gmgfavvocati.it\/wp-content\/uploads\/2013\/10\/marino-1024px.jpg 1024w, https:\/\/gmgfavvocati.it\/wp-content\/uploads\/2013\/10\/marino-1024px-300x150.jpg 300w, https:\/\/gmgfavvocati.it\/wp-content\/uploads\/2013\/10\/marino-1024px-2x1.jpg 2w\" sizes=\"(max-width: 1024px) 100vw, 1024px\" \/><\/p>\n<p>E\u2019 nato il 7 marzo del 1972 a Torino, citt\u00e0 in cui risiede.<\/p>\n<p>Dopo la maturit\u00e0 presso il Liceo Classico Massimo d\u2019Azeglio, ha frequentato la Facolt\u00e0 di Giurisprudenza di Torino e si \u00e8 laureato nel 1997 cum laude.<\/p>\n<p>Si \u00e8 quindi dedicato alla professione legale e alla materia del diritto penale di cui prevalentemente si occupa anche oggi.<\/p>\n<p>Ha fatto parte dello Studio Associato Legale e Tributario, Law Practice di Ernst &amp; Young Global, e ha poi collaborato con lo Studio Legale Garavoglia e Associati.<\/p>\n<p>E&#8217; iscritto all&#8217;Albo Speciale degli Avvocati Cassazionisti.<\/p>\n<p>E&#8217; fra i soci fondatori del Rotary Club Torino Cavour; \u00e8 sindaco del Gruppo Cinofilo Torinese G. Solaro; \u00e8 membro della Associazione e della Fondazione Amici di Jean.<\/p>\n<p style=\"font-size: x-small; color: #aaa;\">L&#8217;attivit\u00e0 dell&#8217;avvocato Marino \u00e8 coperta da polizza assicurativa per la responsabilit\u00e0 civile professionale stipulata con Assicurazioni Generali s.p.a. (numero di polizza 262792495)<\/p>\n<p>[divider]<\/p>\n<p><i class=\"icon-envelope\"><\/i>\u00a0 <a href=\"mailto:marino@gmgfavvocati.it\">marino@gmgfavvocati.it<\/a><\/p>\n","protected":false},"excerpt":{"rendered":"<p>E\u2019 nato il 7 marzo del 1972 a Torino, citt\u00e0 in cui risiede. Dopo la maturit\u00e0 presso il Liceo Classico Massimo d\u2019Azeglio, ha frequentato la Facolt\u00e0 di Giurisprudenza di Torino e si \u00e8 laureato nel 1997 cum laude. Si \u00e8 quindi dedicato alla professione legale e alla materia del diritto penale di cui prevalentemente si [&hellip;]<\/p>\n","protected":false},"author":3,"featured_media":113,"parent":27,"menu_order":0,"comment_status":"closed","ping_status":"closed","template":"","meta":{"footnotes":""},"class_list":["post-12","page","type-page","status-publish","has-post-thumbnail","hentry"],"_links":{"self":[{"href":"https:\/\/gmgfavvocati.it\/index.php?rest_route=\/wp\/v2\/pages\/12","targetHints":{"allow":["GET"]}}],"collection":[{"href":"https:\/\/gmgfavvocati.it\/index.php?rest_route=\/wp\/v2\/pages"}],"about":[{"href":"https:\/\/gmgfavvocati.it\/index.php?rest_route=\/wp\/v2\/types\/page"}],"author":[{"embeddable":true,"href":"https:\/\/gmgfavvocati.it\/index.php?rest_route=\/wp\/v2\/users\/3"}],"replies":[{"embeddable":true,"href":"https:\/\/gmgfavvocati.it\/index.php?rest_route=%2Fwp%2Fv2%2Fcomments&post=12"}],"version-history":[{"count":15,"href":"https:\/\/gmgfavvocati.it\/index.php?rest_route=\/wp\/v2\/pages\/12\/revisions"}],"predecessor-version":[{"id":284,"href":"https:\/\/gmgfavvocati.it\/index.php?rest_route=\/wp\/v2\/pages\/12\/revisions\/284"}],"up":[{"embeddable":true,"href":"https:\/\/gmgfavvocati.it\/index.php?rest_route=\/wp\/v2\/pages\/27"}],"wp:featuredmedia":[{"embeddable":true,"href":"https:\/\/gmgfavvocati.it\/index.php?rest_route=\/wp\/v2\/media\/113"}],"wp:attachment":[{"href":"https:\/\/gmgfavvocati.it\/index.php?rest_route=%2Fwp%2Fv2%2Fmedia&parent=12"}],"curies":[{"name":"wp","href":"https:\/\/api.w.org\/{rel}","templated":true}]}}